263. Calculate o(-7).
-33
Let h(v) = v**3 - 91*v**2 - 686*v + 8. Give h(98).
8
Let r(a) = -11*a**2 + 5*a - 1. Determine r(1).
-7
Let w(c) = -276*c + 9426. Determine w(34).
42
Let m(a) = -38*a - 328. Determine m(-10).
52
Let p(h) = 183*h + 138. Calculate p(-1).
-45
Let i(g) = 79*g**2 - 57*g + 4. Determine i(-2).
434
Let c(w) = -w**3 + 31*w**2 + 83*w - 1461. Determine c(32).
171
Let y(i) = i**3 - 34*i**2 + 30*i + 1070. Give y(32).
-18
Let q(u) = 397*u + 90. Determine q(2).
884
Let u(h) = 18*h**2 + 28*h - 62. Calculate u(2).
66
Let r(h) = -h**3 - 34*h**2 + 72*h - 231. What is r(-36)?
-231
Let r(v) = -v**2 + 2238*v - 6707. Calculate r(3).
-2
Let u(x) = x**2 - 5*x - 785. Calculate u(30).
-35
Let x(n) = -33*n + 2458. What is x(75)?
-17
Let c(r) = r**3 + 56*r**2 + 188*r + 1636. Determine c(-53).
99
Let o(n) = 3*n**2 - 24*n - 24. Calculate o(10).
36
Let p(q) = -q**2 - 13*q + 559. What is p(-31)?
1
Let o(t) = 22*t - 1130. What is o(51)?
-8
Let z(r) = 4*r + 212. Calculate z(-4).
196
Let i(b) = b**3 + 134*b**2 + 650*b + 11. Calculate i(-5).
-14
Let f(w) = -15*w**3 - w**2 + 4*w + 4. Calculate f(-1).
14
Let z(l) = -6*l - 47. Calculate z(-4).
-23
Let g(x) = 5*x**2 + 18*x - 122. Give g(-8).
54
Let m(f) = -724*f + 1437. Calculate m(2).
-11
Let m(x) = -272*x**2 + 11*x - 3. Calculate m(-1).
-286
Let n(p) = p**2 + 39*p + 721. Calculate n(-30).
451
Let j(c) = c**3 - 16*c**2 + 14*c + 23. What is j(6)?
-253
Let n(f) = 37*f - 341. What is n(10)?
29
Let v(r) = 10*r**2 - 148*r + 515. Calculate v(6).
-13
Let p(z) = 6*z**2 - 760*z - 5627. Calculate p(-7).
-13
Let a(z) = 8*z + 11. Determine a(14).
123
Let z(b) = -3*b**2 + 40*b - 22. What is z(16)?
-150
Let u(f) = 15*f**3 - 57*f**2 + 56*f - 9. Determine u(1).
5
Let i(x) = -34*x + 209. Calculate i(6).
5
Let d(x) = 39*x**2 - 250*x + 348. What is d(2)?
4
Let b(u) = u**3 + 44*u**2 + 74*u - 359. What is b(-42)?
61
Let k(r) = 7*r**3 - 339*r**2 - 195*r - 53. What is k(49)?
-4
Let s(p) = p**3 - 2*p**2 - 27. Determine s(0).
-27
Let u(i) = -108*i - 1292. Give u(-12).
4
Let f(n) = n**3 - 24*n**2 + 30*n + 70. Determine f(22).
-238
Let i(p) = -p**3 - 5*p**2 + 36*p - 40. Calculate i(3).
-4
Let l(y) = 42*y**2 + 5*y - 4. Calculate l(1).
43
Let g(t) = 1122*t**2 - 17948*t - 68. What is g(16)?
-4
Let c(t) = -480*t**3 - 3*t**2 + 9*t + 11. Determine c(-1).
479
Let x(j) = -67*j - 72. Give x(18).
-1278
Let g(m) = -10*m + 16. Give g(1).
6
Let w(x) = -7*x**2 + 50*x + 19. Calculate w(6).
67
Let j(c) = c**2 - 23*c - 38. Determine j(24).
-14
Let q(m) = 3*m**2 + 123*m - 170. Give q(-42).
-44
Let k(s) = s**3 - 130*s - 10. Calculate k(0).
-10
Let g(i) = 120*i + 10336. What is g(-86)?
16
Let m(v) = -241*v + 20941. Determine m(87).
-26
Let n(r) = 7*r - 145. Calculate n(13).
-54
Let g(p) = 29*p - 206. What is g(10)?
84
Let w(o) = -3*o**2 + 152*o + 5168. Determine w(74).
-12
Let a(y) = -52*y - 1698. Give a(-42).
486
Let k(u) = u**3 - 46*u**2 - 34*u - 620. What is k(47)?
-9
Let d(y) = -y**2 - 8*y + 12. Calculate d(-9).
3
Let t(m) = 4*m**2 + 21*m + 80. Determine t(-9).
215
Let q(o) = -o**3 + 9*o**2 + 24*o + 2. Determine q(11).
24
Let s(g) = -g**3 + 48*g**2 + 54*g - 48. Give s(49).
197
Let j(r) = -33*r**2 - 117*r + 4. Calculate j(-2).
106
Let f(t) = 3*t**3 - 35*t**2 + 106*t - 905. Determine f(11).
19
Let b(o) = o**2 - 27*o + 9. Calculate b(26).
-17
Let g(o) = o**3 + 152*o**2 + 982*o - 4782. Calculate g(-145).
3
Let s(q) = 7*q + 102. Give s(-12).
18
Let i(c) = 68*c - 153. Calculate i(4).
119
Let m(y) = -43*y + 398. Calculate m(15).
-247
Let a(k) = k**3 + 28*k**2 - 2405*k + 47. Calculate a(-65).
47
Let m(o) = -o**3 - 31*o**2 - 56*o - 2729. Determine m(-32).
87
Let g(n) = 21*n**2 + 880*n - 70. Give g(-42).
14
Let h(r) = r + 58. Determine h(-43).
15
Let z(j) = 7*j**2 + 17*j - 44. Calculate z(2).
18
Let t(j) = -3*j**3 + 53*j**2 + 24*j - 106. Determine t(18).
2
Let n(a) = -3*a**2 - 42*a + 933. Calculate n(-26).
-3
Let c(j) = 3*j**2 - 31*j + 81. Give c(3).
15
Let x(z) = z**2 + 3498*z - 21040. Give x(6).
-16
Let t(d) = 2*d**2 + 60*d - 764. Give t(12).
244
Let n(a) = 10*a + 276. What is n(-18)?
96
Let l(n) = n**2 + 96*n - 7720. Determine l(-148).
-24
Let w(r) = -7*r**2 - 129*r + 31. Determine w(-18).
85
Let k(h) = h**3 - 33*h**2 + 233*h + 19. Calculate k(10).
49
Let z(h) = -95*h**2 - 10063*h + 745. Calculate z(-106).
3
Let f(r) = -r**3 + 13*r**2 + 113*r + 95. Calculate f(-5).
-20
Let i(w) = 2*w**2 - 134*w + 1926. Determine i(21).
-6
Let s(r) = 843*r + 5040. Give s(-6).
-18
Let q(v) = v**2 - 62*v + 348. Determine q(7).
-37
Let z(r) = r**2 + 19*r - 308. Give z(12).
64
Let c(y) = -3*y**3 - 154*y**2 + 965*y - 226. Determine c(-57).
2
Let v(k) = k**3 - 19*k**2 + 69*k - 328. Calculate v(16).
8
Let i(w) = -10*w + 16. What is i(0)?
16
Let c(w) = -94*w + 19097. Give c(203).
15
Let s(b) = 689*b + 3446. Give s(-5).
1
Let x(b) = b**3 + 12*b**2 - 5*b + 38. Calculate x(-13).
-66
Let y(w) = -159*w - 6899. Give y(-44).
97
Let h(r) = 6*r + 88. Determine h(21).
214
Let p(t) = -2*t**2 - 19*t - 13. Give p(1).
-34
Let t(w) = w**2 - 1120*w - 80780. Calculate t(-68).
4
Let j(b) = b**2 + 47*b - 828. Calculate j(14).
26
Let n(j) = -24*j - 1282. What is n(-53)?
-10
Let o(g) = -g**2 - 2*g + 533. Determine o(-24).
5
Let j(a) = 4*a**2 - 288*a - 204. Calculate j(72).
-204
Let l(x) = 2*x**3 - 25*x**2 - 10*x - 35. What is l(13)?
4
Let g(z) = 11*z + 766. What is g(-15)?
601
Let q(s) = -s**2 + 19*s + 37. Give q(19).
37
Let d(i) = -i**2 - 5*i + 36. What is d(6)?
-30
Let t(p) = -6882*p + 55066. Give t(8).
10
Let w(v) = -82*v - 13464. What is w(-164)?
-16
Let k(h) = -162*h - 4546. What is k(-30)?
314
Let j(z) = z**3 - 6*z**2 + 87*z + 504. Calculate j(-4).
-4
Let u(b) = 8*b**3 - 3*b**2 - 3*b + 13. Determine u(-2).
-57
Let a(s) = -5*s**3 + 30*s**2 + 11*s - 76. Determine a(6).
-10
Let v(p) = -p**3 + p**2 + 73*p + 64. Give v(11).
-343
Let r(a) = 195*a + 5078. Determine r(-26).
8
Let r(a) = -a**3 - 22*a**2 + 133*a + 748. Give r(-26).
-6
Let n(f) = -f**2 + 15*f - 20. Give n(17).
-54
Let z(o) = 25*o**3 + 4*o**2 - 3*o - 3. Give z(1).
23
Let s(c) = c**2 - 896*c - 36467. Calculate s(-39).
-2
Let j(i) = -297*i - 840. Give j(-3).
51
Let c(t) = -12*t**2 + 29*t - 6. Calculate c(2).
4
Let f(r) = -3*r**2 - 102*r - 595. What is f(-26)?
29
Let u(m) = -m**2 - 324*m - 1916. Give u(-6).
-8
Let a(w) = 5*w + 9. Calculate a(-2).
-1
Let g(i) = -i**2 - 47*i - 164. What is g(-33)?
298
Let j(x) = -10026*x + 70188. What is j(7)?
6
Let w(f) = -9*f + 178. Determine w(27).
-65
Let x(k) = 3*k + 78. Determine x(29).
165
Let t(x) = 4*x**2 - 234*x + 191. Give t(58).
75
Let j(b) = -b**2 - 7*b + 13. What is j(0)?
13
Let m(t) = -30*t - 10. Give m(1).
-40
Let l(m) = 51*m - 594. Calculate l(8).
-186
Let m(j) = j**3 + 4*j**2 + 8*j + 31. Give m(-4).
-1
Let q(l) = -60*l + 15645. Determine q(261).
-15
Let w(m) = -m**2 - 169*m + 3202. Calculate w(-186).
40
Let g(z) = -4*z**3 - z**2 - 9*z + 11. Determine g(1).
-3
Let o(m) = -2*m**3 - 7*m**2 - 35*m - 99. Calculate o(-3).
-3
Let f(k) = -9*k**2 - 228*k + 706. Calculate f(3).
-59
Let d(v) = -78*v**2 - 14*v + 28. Determine d(3).
-716
Let u(q) = -q**3 - 9*q**2 + 70*q + 49. Determine u(-14).
49
Let r(d) = -d**2 + 45*d + 203. Calculate r(49).
7
Let f(q) = -29317*q - 29322. Determine f(-1).
-5
Let x(f) = -3*f**2 + 2*f + 1. Determine x(2).
-7
Let m(x) = x**3 + 20*x**2 + 15*x + 58. Give m(-19).
134
Let r(s) = s**3 - 15*s**2 + 28*s - 1. Determine r(14).
195
Let v(q) = 6*q**3 - 1088*q**2 + 360*q + 365. Calculate v(181).
3
Let n(h) = -h**2 - 19*h + 20. Determine n(-25).
-130
Let d(a) = 4370*a + 39389. Give d(-9).
59
Let o(l) = l + 75. What is o(32)?
107
Let x(p) = -6*p**3 + 20*p**2 - 28*p + 167. Calculate x(7).
-1107
Let m(q) = 7*q**2 - 91*q - 32. Give m(14).
66
Let i(g) = -378*g - 863. Give i(0).
-863
Let o(m) = 185*m + 2755. Give o(-15).
-20
Let t(y) = y**2 + 95*y + 1712. What is t(-69)?
-82
Let q(r) = 6*r**2 + 277*r + 2812. Determine q(-15).
7
Let c(i) = -i**3 - 202*i**2 + 195*i - 1625. Determine c(-203).
-1
Let w(v) = v**3 + 9*v**2 - 35*v - 299. Calculate w(-9).
16
Let x(g) = -28*g - 478. Give x(-17).
-2
Let z(a) = -3*a**3 + 7*a**2 + 5*a - 10. Give z(3).
-13
Let m(g) = 9*g**3 + 2*g**2 + 3*g + 10. Give m(-3).
-224
Let t(q) = 7*q - 146. Determine t(12).
-62
Let l(t) = -27*t + 285. What is l(28)?
-471
Let d(